{"id":3352,"date":"2026-04-13T14:57:19","date_gmt":"2026-04-13T14:57:19","guid":{"rendered":"https:\/\/izux.es\/instaladoresdecamarasdeseguridad\/?page_id=3352"},"modified":"2026-04-13T17:17:55","modified_gmt":"2026-04-13T17:17:55","slug":"zona-instaladores","status":"publish","type":"page","link":"https:\/\/izux.es\/instaladoresdecamarasdeseguridad\/zona-instaladores\/","title":{"rendered":"Zona instaladores"},"content":{"rendered":"\t\t<div data-elementor-type=\"wp-page\" data-elementor-id=\"3352\" class=\"elementor elementor-3352\">\n\t\t\t\t\t\t<section class=\"elementor-section elementor-top-section elementor-element elementor-element-bed4046 elementor-section-boxed elementor-section-height-default elementor-section-height-default\" data-id=\"bed4046\" data-element_type=\"section\" data-e-type=\"section\">\n\t\t\t\t\t\t<div class=\"elementor-container elementor-column-gap-default\">\n\t\t\t\t\t<div class=\"elementor-column elementor-col-100 elementor-top-column elementor-element elementor-element-02feb68\" data-id=\"02feb68\" data-element_type=\"column\" data-e-type=\"column\">\n\t\t\t<div class=\"elementor-widget-wrap elementor-element-populated\">\n\t\t\t\t\t\t<div class=\"elementor-element elementor-element-f16d286 elementor-widget elementor-widget-heading\" data-id=\"f16d286\" data-element_type=\"widget\" data-e-type=\"widget\" data-widget_type=\"heading.default\">\n\t\t\t\t<div class=\"elementor-widget-container\">\n\t\t\t\t\t<h2 class=\"elementor-heading-title elementor-size-default\">Recursos t\u00e9cnicos, normativa y soluciones profesionales para instaladores de videovigilancia<\/h2>\t\t\t\t<\/div>\n\t\t\t\t<\/div>\n\t\t\t\t<div class=\"elementor-element elementor-element-ef9e860 elementor-widget elementor-widget-text-editor\" data-id=\"ef9e860\" data-element_type=\"widget\" data-e-type=\"widget\" data-widget_type=\"text-editor.default\">\n\t\t\t\t<div class=\"elementor-widget-container\">\n\t\t\t\t\t\t\t\t\t<p>Contenido especializado para profesionales del sector: normativa actualizada, buenas pr\u00e1cticas de instalaci\u00f3n, comparativas de equipos y gu\u00edas t\u00e9cnicas.<\/p>\t\t\t\t\t\t\t\t<\/div>\n\t\t\t\t<\/div>\n\t\t\t\t\t<\/div>\n\t\t<\/div>\n\t\t\t\t\t<\/div>\n\t\t<\/section>\n\t\t\t\t<section class=\"elementor-section elementor-top-section elementor-element elementor-element-45245b2 elementor-section-boxed elementor-section-height-default elementor-section-height-default\" data-id=\"45245b2\" data-element_type=\"section\" data-e-type=\"section\">\n\t\t\t\t\t\t<div class=\"elementor-container elementor-column-gap-default\">\n\t\t\t\t\t<div class=\"elementor-column elementor-col-100 elementor-top-column elementor-element elementor-element-8effbbb\" data-id=\"8effbbb\" data-element_type=\"column\" data-e-type=\"column\">\n\t\t\t<div class=\"elementor-widget-wrap elementor-element-populated\">\n\t\t\t\t\t\t<div class=\"elementor-element elementor-element-f69c16f elementor-widget elementor-widget-text-editor\" data-id=\"f69c16f\" data-element_type=\"widget\" data-e-type=\"widget\" data-widget_type=\"text-editor.default\">\n\t\t\t\t<div class=\"elementor-widget-container\">\n\t\t\t\t\t\t\t\t\t<p data-start=\"874\" data-end=\"956\">En esta secci\u00f3n encontrar\u00e1s informaci\u00f3n pr\u00e1ctica para el d\u00eda a d\u00eda del instalador:<\/p><ul data-start=\"958\" data-end=\"1117\"><li data-start=\"958\" data-end=\"1008\">Interpretaci\u00f3n de normativa de videovigilancia<\/li><li data-start=\"1009\" data-end=\"1044\">Buenas pr\u00e1cticas de instalaci\u00f3n<\/li><li data-start=\"1045\" data-end=\"1081\">Configuraci\u00f3n segura de sistemas<\/li><li data-start=\"1082\" data-end=\"1117\">Soluciones reales para clientes<\/li><\/ul><p>\u00a0<\/p>\t\t\t\t\t\t\t\t<\/div>\n\t\t\t\t<\/div>\n\t\t\t\t\t<\/div>\n\t\t<\/div>\n\t\t\t\t\t<\/div>\n\t\t<\/section>\n\t\t\t\t<section class=\"elementor-section elementor-top-section elementor-element elementor-element-d880c91 elementor-section-boxed elementor-section-height-default elementor-section-height-default\" data-id=\"d880c91\" data-element_type=\"section\" data-e-type=\"section\">\n\t\t\t\t\t\t<div class=\"elementor-container elementor-column-gap-default\">\n\t\t\t\t\t<div class=\"elementor-column elementor-col-100 elementor-top-column elementor-element elementor-element-ac0598d\" data-id=\"ac0598d\" data-element_type=\"column\" data-e-type=\"column\">\n\t\t\t<div class=\"elementor-widget-wrap elementor-element-populated\">\n\t\t\t\t\t\t<div class=\"elementor-element elementor-element-76118a8 elementor-widget elementor-widget-elementskit-post-list\" data-id=\"76118a8\" data-element_type=\"widget\" data-e-type=\"widget\" data-widget_type=\"elementskit-post-list.default\">\n\t\t\t\t<div class=\"elementor-widget-container\">\n\t\t\t\t\t<div class=\"ekit-wid-con\" >\t\t<ul class=\"elementor-icon-list-items ekit-post-list-wrapper \">\n\t\t\t\t\t\t<li class=\"elementor-icon-list-item   \">\n\t\t\t\t<a href=\"https:\/\/izux.es\/instaladoresdecamarasdeseguridad\/requisitos-legales-instalacion-de-camaras-en-vivienda\/\" >\n\t\t\t\t\t<img decoding=\"async\" width=\"150\" height=\"150\" src=\"https:\/\/izux.es\/instaladoresdecamarasdeseguridad\/wp-content\/uploads\/2026\/04\/Normativa-de-camara-de-seguridad-en-viviendas-small-150x150.jpg\" class=\"attachment-thumbnail size-thumbnail wp-post-image\" alt=\"Normativa de instalaci\u00f3n de c\u00e1maras de vigilancia en viviendas\" \/>\t\t\t\t\t<div class=\"ekit_post_list_content_wraper\">\n\t\t\t\t\t\t\t\t\t\t\t\t\t\t\t\t\t\t<div class=\"meta-lists\">\n\t\t\t\t\t\t\t\t\t\t\t\t\t\t<span class=\"meta-date\">\n\n\t\t\t\t\t\t\t\t<i aria-hidden=\"true\" class=\"icon icon-calendar-page-empty\"><\/i>\n\t\t\t\t\t\t\t\t13 Abr 2026\t\t\t\t\t\t\t<\/span>\n\t\t\t\t\t\t\t\n\t\t\t\t\t\t\t\t\t\t\t\t\t<\/div>\n\t\t\t\t\t\t\n\t\t\t\t\t\t<span class=\"elementor-icon-list-text\">Instalaci\u00f3n de c\u00e1maras en viviendas: requisitos legales y errores que todo instalador debe evitar (Gu\u00eda 2026)<\/span>\n\n\t\t\t\t\t\t\t\t\t\t\t<\/div>\n\t\t\t\t<\/a>\n\t\t\t<\/li>\n\t\t\t\t<\/ul>\n\t\t<\/div>\t\t\t\t<\/div>\n\t\t\t\t<\/div>\n\t\t\t\t\t<\/div>\n\t\t<\/div>\n\t\t\t\t\t<\/div>\n\t\t<\/section>\n\t\t\t\t<\/div>\n\t\t","protected":false},"excerpt":{"rendered":"<p>Recursos t\u00e9cnicos, normativa y soluciones profesionales para instaladores de videovigilancia Contenido especializado para profesionales del sector: normativa actualizada, buenas pr\u00e1cticas de instalaci\u00f3n, comparativas de equipos y gu\u00edas t\u00e9cnicas. En esta secci\u00f3n encontrar\u00e1s informaci\u00f3n pr\u00e1ctica para el d\u00eda a d\u00eda del instalador: Interpretaci\u00f3n de normativa de videovigilancia Buenas pr\u00e1cticas de instalaci\u00f3n Configuraci\u00f3n segura de sistemas Soluciones [&hellip;]<\/p>\n","protected":false},"author":1,"featured_media":0,"parent":0,"menu_order":0,"comment_status":"closed","ping_status":"closed","template":"","meta":{"footnotes":""},"class_list":["post-3352","page","type-page","status-publish","hentry"],"_links":{"self":[{"href":"https:\/\/izux.es\/instaladoresdecamarasdeseguridad\/wp-json\/wp\/v2\/pages\/3352","targetHints":{"allow":["GET"]}}],"collection":[{"href":"https:\/\/izux.es\/instaladoresdecamarasdeseguridad\/wp-json\/wp\/v2\/pages"}],"about":[{"href":"https:\/\/izux.es\/instaladoresdecamarasdeseguridad\/wp-json\/wp\/v2\/types\/page"}],"author":[{"embeddable":true,"href":"https:\/\/izux.es\/instaladoresdecamarasdeseguridad\/wp-json\/wp\/v2\/users\/1"}],"replies":[{"embeddable":true,"href":"https:\/\/izux.es\/instaladoresdecamarasdeseguridad\/wp-json\/wp\/v2\/comments?post=3352"}],"version-history":[{"count":35,"href":"https:\/\/izux.es\/instaladoresdecamarasdeseguridad\/wp-json\/wp\/v2\/pages\/3352\/revisions"}],"predecessor-version":[{"id":3414,"href":"https:\/\/izux.es\/instaladoresdecamarasdeseguridad\/wp-json\/wp\/v2\/pages\/3352\/revisions\/3414"}],"wp:attachment":[{"href":"https:\/\/izux.es\/instaladoresdecamarasdeseguridad\/wp-json\/wp\/v2\/media?parent=3352"}],"curies":[{"name":"wp","href":"https:\/\/api.w.org\/{rel}","templated":true}]}}